late j(5).
34
Let p(m) = 54*m + 1230. Calculate p(-23).
-12
Let u(h) = -h**3 - 20*h**2 - 25*h - 26. Give u(-19).
88
Let p(f) = -f**3 - 9*f**2 + 180*f - 185. What is p(-19)?
5
Let j(n) = 14*n**2 + 2092*n + 4171. What is j(-2)?
43
Let t(p) = 134*p + 8264. Give t(-61).
90
Let j(l) = l**2 - 217*l + 4970. What is j(26)?
4
Let v(a) = -5*a**2 - 9*a + 181. Give v(12).
-647
Let y(w) = w**3 + 35*w**2 - 34*w + 77. Calculate y(-36).
5
Let j(w) = w**3 + 48*w**2 + 519*w + 87. Give j(-32).
-137
Let t(g) = 3*g**2 - 62*g - 11. What is t(20)?
-51
Let p(x) = x**2 - 30*x + 66. Give p(2).
10
Let c(u) = 93*u + 6129. Determine c(-66).
-9
Let j(a) = -2*a**2 - 1410*a + 5665. Determine j(4).
-7
Let q(i) = -i**3 + 18*i**2 + 2*i + 3. Calculate q(18).
39
Let c(i) = -221*i + 356. Give c(2).
-86
Let r(m) = m**2 - 78*m - 732. Give r(-9).
51
Let t(x) = 46*x - 228. Calculate t(0).
-228
Let m(r) = 2*r**3 + 4*r**2 + r - 6. Give m(-2).
-8
Let z(g) = g**3 + 124*g**2 + 139*g + 1964. Give z(-123).
-4
Let b(q) = 319*q - 350. Calculate b(1).
-31
Let c(t) = -359*t + 358. Calculate c(1).
-1
Let k(q) = 397*q - 6361. What is k(16)?
-9
Let u(n) = 196*n - 5302. Calculate u(27).
-10
Let i(d) = -16*d - 200. Give i(21).
-536
Let p(s) = 2*s**3 + 95*s**2 + 56*s + 154. Give p(-47).
-269
Let a(k) = -39*k**2 - 687*k + 274. Determine a(-18).
4
Let k(z) = 22708*z - 181658. Determine k(8).
6
Let y(a) = -5224*a - 15680. Determine y(-3).
-8
Let f(k) = -1122*k - 9014. Calculate f(-8).
-38
Let w(g) = -6*g**2 + 756*g + 1530. Calculate w(128).
-6
Let i(b) = b**2 - 113*b + 437. What is i(4)?
1
Let p(h) = -467*h - 7938. Calculate p(-17).
1
Let k(y) = -y**2 - 12*y + 88. Determine k(5).
3
Let h(y) = 4*y**2 + 38*y - 38. What is h(3)?
112
Let c(r) = 2*r**3 + 31*r**2 + 13*r - 33. What is c(-15)?
-3
Let w(k) = -1072*k + 1107. Give w(1).
35
Let d(l) = -190*l - 1499. Give d(-8).
21
Let j(d) = -32*d - 189. Determine j(-7).
35
Let h(o) = -73*o + 3095. What is h(43)?
-44
Let w(d) = 2187*d - 24043. What is w(11)?
14
Let c(m) = m**2 + 19*m - 354. What is c(11)?
-24
Let h(j) = -j**3 + j**2 - 1314*j + 6650. Determine h(5).
-20
Let k(l) = 3*l**2 + 25*l - 1705. What is k(20)?
-5
Let g(w) = -5*w**3 - 6*w**2 + 2*w + 9. What is g(-5)?
474
Let g(k) = -7*k**3 + 18*k + 29. Calculate g(-3).
164
Let r(j) = -34*j + 208. What is r(6)?
4
Let n(v) = 103*v - 736. Calculate n(3).
-427
Let d(v) = -5*v**3 - 12*v**2 - v + 3. Give d(-4).
135
Let s(m) = 2*m**3 + 111*m**2 - 56*m - 23. What is s(-56)?
-23
Let k(b) = -60*b + 1561. Determine k(26).
1
Let w(z) = -182*z**3 + 9*z**2 - 13*z + 2. What is w(1)?
-184
Let s(v) = v - 569. Give s(8).
-561
Let i(d) = 10*d - 1000. Calculate i(100).
0
Let k(q) = -68*q - 2871. What is k(-27)?
-1035
Let l(r) = 2*r**2 + 94*r + 222. Give l(-44).
-42
Let f(m) = -m**3 - 179*m**2 + 1686*m - 1124. Determine f(-188).
4
Let o(a) = a**3 - 616*a**2 + 5460*a + 26. Calculate o(9).
-1
Let d(z) = -11*z - 58. Determine d(19).
-267
Let l(v) = 693*v + 2712. Give l(-4).
-60
Let a(w) = -w**3 - 4*w**2 - 166*w - 1079. Give a(-6).
-11
Let r(d) = 7*d**3 + 2*d**2 - 48*d - 49. Determine r(-1).
-6
Let q(u) = -8*u**2 + 1055*u - 915. What is q(131)?
2
Let j(f) = 220*f + 5934. Calculate j(-27).
-6
Let w(g) = -1259*g + 2537. Give w(2).
19
Let n(q) = -149*q**2 + 11330*q - 463. What is n(76)?
-7
Let c(p) = 10837*p - 21666. Give c(2).
8
Let g(c) = -c**2 + 11*c + 152. Give g(-8).
0
Let x(q) = 3*q**2 - 2*q - 96. Determine x(0).
-96
Let l(m) = 3*m**2 + 37*m - 58. Calculate l(-14).
12
Let v(k) = 37*k**2 - 965*k + 57. Calculate v(26).
-21
Let b(g) = -3*g**2 + 90*g + 1673. What is b(-13)?
-4
Let i(l) = -l**3 + l**2 + 7*l - 16. Determine i(5).
-81
Let h(g) = g**2 + 63*g + 416. What is h(-56)?
24
Let d(o) = -481*o - 8188. What is d(-17)?
-11
Let i(b) = b**3 + 17*b**2 - 234*b - 4. Give i(-26).
-4
Let s(l) = -720*l - 2760. Calculate s(-4).
120
Let k(s) = -s**2 - 16*s + 5273. What is k(65)?
8
Let n(v) = v + 28. Calculate n(-17).
11
Let a(m) = m**3 - 4*m**2 - 8*m - 3. Calculate a(6).
21
Let l(q) = 120*q**3 + 4*q**2 + 47*q + 85. Determine l(-2).
-953
Let v(y) = 36368*y - 254573. What is v(7)?
3
Let m(d) = -2*d**2 - 1374*d + 4127. Calculate m(3).
-13
Let g(v) = -v**2 - 39*v - 243. Determine g(-11).
65
Let y(g) = -g**2 + 38*g + 4972. Calculate y(-54).
4
Let v(g) = 2*g - 177. What is v(39)?
-99
Let y(i) = -i**2 + 108*i + 1374. Determine y(121).
-199
Let b(z) = 9*z**2 - 146*z - 88. Determine b(17).
31
Let x(p) = p**2 + 29*p - 346. Calculate x(9).
-4
Let i(u) = -u**2 - 19*u - 26. What is i(-15)?
34
Let s(n) = -10*n - 1161. Determine s(-116).
-1
Let g(d) = 2*d**3 - 40*d**2 + 2*d + 40. Determine g(20).
80
Let j(z) = -2*z**3 + 13*z**2 - 16*z + 105. Calculate j(7).
-56
Let a(t) = -57*t**2 - 495*t + 68. Determine a(-9).
-94
Let f(i) = i**2 - 154*i - 73594. Calculate f(359).
1
Let p(l) = -2*l**2 - 6*l + 72. What is p(-8)?
-8
Let j(b) = -b**3 - 10*b**2 - 5*b - 24. Calculate j(-12).
324
Let j(m) = 16*m**2 + 323*m + 42. What is j(-20)?
-18
Let m(i) = 5*i**3 - 966*i**2 + 194*i - 198. Give m(193).
-5
Let n(d) = 5*d**2 - 77*d - 630. Calculate n(-9).
468
Let o(g) = -2*g**3 - 6*g**2 + 8*g - 42. Determine o(-5).
18
Let g(t) = -t**3 + 10*t**2 - 21*t + 4. Give g(3).
4
Let w(m) = 59*m**2 - 374*m - 2. Give w(7).
271
Let g(q) = -q**2 + 36*q + 779. Give g(-18).
-193
Let p(z) = -4*z**3 - z**2 - 19. Determine p(4).
-291
Let t(q) = -33*q - 1298. What is t(-39)?
-11
Let b(p) = -p**3 + 15*p**2 - 50*p + 19. Calculate b(4).
-5
Let d(u) = u**2 + 28*u - 342. Give d(9).
-9
Let x(b) = -3*b**3 + 18*b**2 + 7*b + 111. Calculate x(8).
-217
Let v(f) = f**3 + 6*f**2 + 25*f + 59. Give v(-3).
11
Let i(h) = -80*h - 7786. Calculate i(-98).
54
Let h(s) = 3401*s + 37418. Determine h(-11).
7
Let k(i) = -9*i**2 - 7*i + 12. Give k(-4).
-104
Let l(s) = 93*s**2 - 290*s + 36. Calculate l(3).
3
Let j(r) = 7*r**2 - 559*r - 102. What is j(80)?
-22
Let v(d) = 16785*d + 151068. Give v(-9).
3
Let p(o) = o**3 + 63*o**2 + 249*o + 771. Determine p(-59).
4
Let b(h) = 5*h**2 - 403*h + 1010. Calculate b(78).
-4
Let r(p) = -44*p - 279. Determine r(-3).
-147
Let c(w) = -w**3 - 17*w**2 + 141*w + 1940. Calculate c(-19).
-17
Let i(d) = -7*d - 406. Calculate i(-46).
-84
Let c(h) = -142*h**3 + h**2 - 10*h - 10. Give c(-1).
143
Let z(g) = 10*g**3 + 3*g**2 - 90*g - 176. What is z(-2)?
-64
Let f(t) = -13*t - 69. Give f(-5).
-4
Let v(z) = 110*z - 718. Calculate v(6).
-58
Let f(w) = -w**3 + 14*w**2 - 50*w + 42. Calculate f(5).
17
Let j(c) = -c**2 - 19*c + 21085. What is j(136)?
5
Let t(n) = -n**3 - 4*n**2 - 11*n - 20. Determine t(0).
-20
Let s(m) = -110*m + 1071. Calculate s(10).
-29
Let j(x) = -135*x + 806. Give j(6).
-4
Let s(c) = -98*c + 13836. Determine s(141).
18
Let z(i) = 10033*i + 90308. Give z(-9).
11
Let p(k) = k**2 - 16*k - 134. What is p(-7)?
27
Let f(p) = -p**3 + 132*p**2 + 97*p + 4793. Determine f(133).
5
Let o(s) = 3946*s - 315686. Give o(80).
-6
Let t(i) = -i**3 + 37*i**2 - 35*i - 29. Give t(36).
7
Let i(q) = q**3 - 203*q**2 + 3497*q - 182. Give i(184).
2
Let m(h) = 11*h**2 - 4*h - 8. Determine m(-1).
7
Let t(o) = o**2 - 23*o - 142. Calculate t(38).
428
Let o(p) = 2*p**2 + 416*p + 12900. Calculate o(-170).
-20
Let k(d) = 27*d**3 - 3*d**2 - 2*d. Give k(-1).
-28
Let n(s) = -s**2 - 5*s + 49. Give n(12).
-155
Let q(g) = g**3 + 11*g**2 + 22*g - 3. Give q(-5).
37
Let u(r) = -3*r**2 - 3*r - 28. What is u(-6)?
-118
Let f(k) = k**3 + 2*k**2 - 271*k - 39. Determine f(0).
-39
Let v(p) = -p**2 + 325*p + 4047. Determine v(-12).
3
Let z(h) = 6*h**2 - 18*h + 37. Calculate z(-5).
277
Let p(f) = 15*f - 288. Calculate p(20).
12
Let z(h) = 217*h - 656. What is z(3)?
-5
Let h(m) = -47*m**2 - 123*m + 374. What is h(3)?
-418
Let s(q) = 5*q**2 - 246*q + 738. Determine s(46).
2
Let r(j) = 4*j**3 - 159*j**2 - 35*j - 162. What is r(40)?
38
Let n(a) = -27*a - 151. What is n(-13)?
200
Let s(k) = 73*k + 363. Calculate s(-5).
-2
Let m(v) = 7*v - 122. What is m(25)?
53
Let p(o) = -o**3 + 7*o**2 - 38*o + 101. What is p(5)?
-39
Let z(n) = n**3 - 16*n**2 - 20*n + 59. What is z(14)?
-613
Let i(l) = -l**3 + 122*l**2 + 510*l - 750. Determine i(126).
6
Let b(v) = 2*v**2 + 129*v + 545. What is b(-59)?
-104
Let z(c) = -c**2 + 101*c - 2547. Give z(49).
1
Let f(x) = -6*x**3 - 3*x**2 + 3*x - 16. Determine f(4).
-436
Let i(k) = 16*k - 51. Calculate i(6).
45
